{"id":267,"date":"2018-02-17T15:00:24","date_gmt":"2018-02-17T14:00:24","guid":{"rendered":"http:\/\/aappmaverdoncolostre.fr\/?page_id=267"},"modified":"2020-02-09T21:02:10","modified_gmt":"2020-02-09T20:02:10","slug":"invertebres","status":"publish","type":"page","link":"https:\/\/aappmaverdoncolostre.fr\/index.php\/biodiversite\/invertebres\/","title":{"rendered":"Invert\u00e9br\u00e9s"},"content":{"rendered":"<p><em><span style=\"font-family: Comic Sans MS,sans-serif;\">L<span style=\"color: #000000;\">a vie cach\u00e9e sous les galets du Verdon est nombreuse mais elle ne se manifeste au grand jour qu\u2019\u00e0 certains moments de l\u2019ann\u00e9e lors d\u2019\u00e9closions. Certaines esp\u00e8ces passent leur vie enti\u00e8re sous les galets alors que d\u2019autres se m\u00e9tamorphosent en insectes ail\u00e9s pour se reproduire hors de l\u2019eau apr\u00e8s avoir pass\u00e9es trois ann\u00e9es \u00e0 vivre sous les galets \u00e0 l\u2019\u00e9tat de larves<\/span><\/span><\/em><\/p>\n<figure id=\"attachment_818\" aria-describedby=\"caption-attachment-818\" style=\"width: 437px\" class=\"wp-caption aligncenter\"><img loading=\"lazy\" class=\"wp-image-818 \" src=\"http:\/\/aappmaverdoncolostre.fr\/wp-content\/uploads\/2018\/03\/trichopt\u00e8re-300x200.jpg\" alt=\"\" width=\"437\" height=\"291\" srcset=\"https:\/\/aappmaverdoncolostre.fr\/wp-content\/uploads\/2018\/03\/trichopt\u00e8re-300x200.jpg 300w, https:\/\/aappmaverdoncolostre.fr\/wp-content\/uploads\/2018\/03\/trichopt\u00e8re-768x512.jpg 768w, https:\/\/aappmaverdoncolostre.fr\/wp-content\/uploads\/2018\/03\/trichopt\u00e8re.jpg 1024w, https:\/\/aappmaverdoncolostre.fr\/wp-content\/uploads\/2018\/03\/trichopt\u00e8re-450x300.jpg 450w\" sizes=\"(max-width: 437px) 100vw, 437px\" \/><figcaption id=\"caption-attachment-818\" class=\"wp-caption-text\"><\/span> <span style=\"color: #000000;\">trichopt\u00e8re<\/span><\/figcaption><\/figure>\n<p><span style=\"font-family: Comic Sans MS, sans-serif; color: #000000;\">Dans les eaux vives du Verdon, nous rencontrons principalement les esp\u00e8ces suivantes :<\/span><\/p>\n<ul>\n<li><span style=\"font-family: Comic Sans MS, sans-serif; color: #000000;\">Gammare : petit crustac\u00e9 d\u2019eau douce.<\/span><\/li>\n<li><span style=\"font-family: Comic Sans MS, sans-serif; color: #000000;\">Ba\u00e9tid\u00e9 : \u00e9ph\u00e9m\u00e8re de taille moyenne au corps gris-vert.<\/span><\/li>\n<li><span style=\"font-family: Comic Sans MS, sans-serif; color: #000000;\">Danica : \u00e9ph\u00e9m\u00e8re de grande taille encore appel\u00e9e \u00ab mouche de mai \u00bb. Son corps est jaune.<\/span><\/li>\n<li><span style=\"font-family: Comic Sans MS, sans-serif; color: #000000;\">Echdyonirus : \u00e9ph\u00e9m\u00e8re de grande taille surnomm\u00e9 \u00ab mouche de feu \u00bb en raison de sa couleur rouge\u00e2tre.<\/span><\/li>\n<li><span style=\"font-family: Comic Sans MS, sans-serif; color: #000000;\">Heptag\u00e9n\u00e9id\u00e9 : \u00e9ph\u00e9m\u00e8re de grande taille de couleur grise<\/span><\/li>\n<li><span style=\"font-family: Comic Sans MS, sans-serif; color: #000000;\">Trichopt\u00e8re : insecte aux ailes triangulaires, de couleur gris ou roux. On l\u2019appelle \u00ab porte-bois \u00bb lorsqu\u2019il vit sous l\u2019eau car sa larve se confectionne un fourreau de brindille ou de sable pour se prot\u00e9ger.<\/span><\/li>\n<\/ul>\n","protected":false},"excerpt":{"rendered":"<p>La vie cach\u00e9e sous les galets du Verdon est nombreuse mais elle ne se manifeste au grand jour qu\u2019\u00e0 certains moments de l\u2019ann\u00e9e lors d\u2019\u00e9closions. Certaines esp\u00e8ces passent leur vie enti\u00e8re sous les galets alors que d\u2019autres se m\u00e9tamorphosent en insectes ail\u00e9s pour se reproduire hors de l\u2019eau apr\u00e8s avoir pass\u00e9es trois ann\u00e9es \u00e0 vivre [&hellip;]<\/p>\n","protected":false},"author":1,"featured_media":0,"parent":263,"menu_order":0,"comment_status":"closed","ping_status":"closed","template":"template-full-width.php","meta":[],"yoast_head":"<!-- This site is optimized with the Yoast SEO plugin v14.9 - https:\/\/yoast.com\/wordpress\/plugins\/seo\/ -->\n<title>Invert\u00e9br\u00e9s - AAPPMA Verdon Colostre<\/title>\n<meta name=\"robots\" content=\"index, follow, max-snippet:-1, max-image-preview:large, max-video-preview:-1\" \/>\n<link rel=\"canonical\" href=\"http:\/\/aappmaverdoncolostre.fr\/index.php\/biodiversite\/invertebres\/\" \/>\n<meta property=\"og:locale\" content=\"fr_FR\" \/>\n<meta property=\"og:type\" content=\"article\" \/>\n<meta property=\"og:title\" content=\"Invert\u00e9br\u00e9s - AAPPMA Verdon Colostre\" \/>\n<meta property=\"og:description\" content=\"La vie cach\u00e9e sous les galets du Verdon est nombreuse mais elle ne se manifeste au grand jour qu\u2019\u00e0 certains moments de l\u2019ann\u00e9e lors d\u2019\u00e9closions. Certaines esp\u00e8ces passent leur vie enti\u00e8re sous les galets alors que d\u2019autres se m\u00e9tamorphosent en insectes ail\u00e9s pour se reproduire hors de l\u2019eau apr\u00e8s avoir pass\u00e9es trois ann\u00e9es \u00e0 vivre [&hellip;]\" \/>\n<meta property=\"og:url\" content=\"http:\/\/aappmaverdoncolostre.fr\/index.php\/biodiversite\/invertebres\/\" \/>\n<meta property=\"og:site_name\" content=\"AAPPMA Verdon Colostre\" \/>\n<meta property=\"article:modified_time\" content=\"2020-02-09T20:02:10+00:00\" \/>\n<meta property=\"og:image\" content=\"http:\/\/aappmaverdoncolostre.fr\/wp-content\/uploads\/2018\/03\/trichopt\u00e8re-300x200.jpg\" \/>\n<meta name=\"twitter:card\" content=\"summary_large_image\" \/>\n<script type=\"application\/ld+json\" class=\"yoast-schema-graph\">{\"@context\":\"https:\/\/schema.org\",\"@graph\":[{\"@type\":\"WebSite\",\"@id\":\"https:\/\/aappmaverdoncolostre.fr\/#website\",\"url\":\"https:\/\/aappmaverdoncolostre.fr\/\",\"name\":\"AAPPMA Verdon Colostre\",\"description\":\"P\\u00eacher dans le Verdon\",\"potentialAction\":[{\"@type\":\"SearchAction\",\"target\":\"https:\/\/aappmaverdoncolostre.fr\/?s={search_term_string}\",\"query-input\":\"required name=search_term_string\"}],\"inLanguage\":\"fr-FR\"},{\"@type\":\"ImageObject\",\"@id\":\"http:\/\/aappmaverdoncolostre.fr\/index.php\/biodiversite\/invertebres\/#primaryimage\",\"inLanguage\":\"fr-FR\",\"url\":\"http:\/\/aappmaverdoncolostre.fr\/wp-content\/uploads\/2018\/03\/trichopt\\u00e8re-300x200.jpg\"},{\"@type\":\"WebPage\",\"@id\":\"http:\/\/aappmaverdoncolostre.fr\/index.php\/biodiversite\/invertebres\/#webpage\",\"url\":\"http:\/\/aappmaverdoncolostre.fr\/index.php\/biodiversite\/invertebres\/\",\"name\":\"Invert\\u00e9br\\u00e9s - AAPPMA Verdon Colostre\",\"isPartOf\":{\"@id\":\"https:\/\/aappmaverdoncolostre.fr\/#website\"},\"primaryImageOfPage\":{\"@id\":\"http:\/\/aappmaverdoncolostre.fr\/index.php\/biodiversite\/invertebres\/#primaryimage\"},\"datePublished\":\"2018-02-17T14:00:24+00:00\",\"dateModified\":\"2020-02-09T20:02:10+00:00\",\"inLanguage\":\"fr-FR\",\"potentialAction\":[{\"@type\":\"ReadAction\",\"target\":[\"http:\/\/aappmaverdoncolostre.fr\/index.php\/biodiversite\/invertebres\/\"]}]}]}<\/script>\n<!-- \/ Yoast SEO plugin. -->","_links":{"self":[{"href":"https:\/\/aappmaverdoncolostre.fr\/index.php\/wp-json\/wp\/v2\/pages\/267"}],"collection":[{"href":"https:\/\/aappmaverdoncolostre.fr\/index.php\/wp-json\/wp\/v2\/pages"}],"about":[{"href":"https:\/\/aappmaverdoncolostre.fr\/index.php\/wp-json\/wp\/v2\/types\/page"}],"author":[{"embeddable":true,"href":"https:\/\/aappmaverdoncolostre.fr\/index.php\/wp-json\/wp\/v2\/users\/1"}],"replies":[{"embeddable":true,"href":"https:\/\/aappmaverdoncolostre.fr\/index.php\/wp-json\/wp\/v2\/comments?post=267"}],"version-history":[{"count":7,"href":"https:\/\/aappmaverdoncolostre.fr\/index.php\/wp-json\/wp\/v2\/pages\/267\/revisions"}],"predecessor-version":[{"id":2107,"href":"https:\/\/aappmaverdoncolostre.fr\/index.php\/wp-json\/wp\/v2\/pages\/267\/revisions\/2107"}],"up":[{"embeddable":true,"href":"https:\/\/aappmaverdoncolostre.fr\/index.php\/wp-json\/wp\/v2\/pages\/263"}],"wp:attachment":[{"href":"https:\/\/aappmaverdoncolostre.fr\/index.php\/wp-json\/wp\/v2\/media?parent=267"}],"curies":[{"name":"wp","href":"https:\/\/api.w.org\/{rel}","templated":true}]}}