{"id":476,"date":"2018-02-21T13:13:17","date_gmt":"2018-02-21T12:13:17","guid":{"rendered":"http:\/\/aappmaverdoncolostre.fr\/?page_id=476"},"modified":"2025-02-26T16:01:16","modified_gmt":"2025-02-26T15:01:16","slug":"cartes-de-peche","status":"publish","type":"page","link":"https:\/\/aappmaverdoncolostre.fr\/index.php\/achat_carte\/cartes-de-peche\/","title":{"rendered":"Liste des cartes"},"content":{"rendered":"<h2><span style=\"color: #000000;\"><strong>Liste des cartes<\/strong><\/span><\/h2>\n<p><span style=\"color: #000000; font-family: Comic\\ Sans\\ MS, sans-serif;\"><em>Un loisir pour tous, une carte pour chacun.<\/em><\/span><br \/>\n<span style=\"color: #000000; font-family: Comic\\ Sans\\ MS, sans-serif;\"> <em>Choisissez dans la liste propos\u00e9e ci-dessous la carte de p\u00eache correspondant le mieux \u00e0 votre pratique<\/em><\/span><\/p>\n<p><span style=\"color: #ff0000;\">En prenant la carte de p\u00eache \u00e0 l&#8217;aappma Verdon Colostre (<img loading=\"lazy\" class=\"wp-image-913 alignright\" src=\"http:\/\/aappmaverdoncolostre.fr\/wp-content\/uploads\/2018\/03\/Choix-association.png\" alt=\"\" width=\"272\" height=\"236\" srcset=\"https:\/\/aappmaverdoncolostre.fr\/wp-content\/uploads\/2018\/03\/Choix-association.png 420w, https:\/\/aappmaverdoncolostre.fr\/wp-content\/uploads\/2018\/03\/Choix-association-300x261.png 300w\" sizes=\"(max-width: 272px) 100vw, 272px\" \/>ex: 04800), vous permettez \u00e0 l&#8217;association de financer les alevinages, <\/span><span style=\"color: #ff0000;\">initiations des jeunes, nettoyages des abords de rivi\u00e8res ou ruisseaux et participer par votre financement \u00e0 la naissance de milliers d&#8217;alevins de truitelles fario. Vous nous aidez ainsi \u00e0 revaloriser notre patrimoine.<\/span><\/p>\n<p><span style=\"color: #ff0000;\">L&#8217;\u00e9quipe de l&#8217;AAPPMA Verdon Colostre vous souhaitent une bonne saison 2025.<\/span><\/p>\n<p><span style=\"color: #0000ff;\">\u00a0<\/span><\/p>\n<p><span style=\"font-family: Comic\\ Sans\\ MS, sans-serif;\"><strong><span style=\"color: #000000;\">Carte Personne majeure<\/span> <span style=\"color: #ff0000;\">(86 \u20ac)\u00a0<\/span> <span style=\"color: #000000;\">ou Interf\u00e9d\u00e9rale<\/span> <span style=\"color: #ff0000;\">(112 \u20ac)<\/span><br \/>\n<\/strong><\/span><\/p>\n<p><span style=\"font-family: Comic Sans MS, sans-serif; color: #000000;\">Pour ceux qui pratiquent leur loisir r\u00e9guli\u00e8rement pendant l\u2019ann\u00e9e, la carte annuelle \u00ab Personne majeure\u00bb est la carte ad\u00e9quate.<\/span><\/p>\n<p><span style=\"font-family: Comic Sans MS, sans-serif; color: #000000;\">Valable toute l\u2019ann\u00e9e, elle permet de p\u00eacher en 1\u00e8re et en 2\u00e8me cat\u00e9gorie, avec tous les modes de p\u00eache autoris\u00e9s.<\/span><\/p>\n<p><span style=\"font-family: Comic Sans MS, sans-serif; color: #000000;\">La carte interf\u00e9d\u00e9rale vous propose d&#8217;\u00e9tendre votre secteur de p\u00eache \u00e0 d&#8217;autres d\u00e9partements (en savoir +).<\/span><\/p>\n<p><a href=\"https:\/\/www.cartedepeche.fr\/TPL_CODE\/TPL_ADHCOMMANDE\/PAR_TPL_IDENTIFIANT\/4\/247-processus-de-commande.htm\" target=\"_blank\" rel=\"noopener noreferrer\"><img loading=\"lazy\" class=\"alignnone wp-image-482 size-full\" src=\"http:\/\/aappmaverdoncolostre.fr\/wp-content\/uploads\/2018\/02\/jechoisis.png\" alt=\"\" width=\"191\" height=\"37\" \/><\/a><\/p>\n<hr \/>\n<p><span style=\"font-family: Comic\\ Sans\\ MS, sans-serif;\"><strong><span style=\"color: #000000;\">Carte D\u00e9couverte Femme<\/span> <span style=\"color: #ff0000;\">(41 \u20ac)<\/span><br \/>\n<\/strong><\/span><\/p>\n<p><span style=\"font-family: Comic Sans MS, sans-serif; color: #000000;\">Cette carte annuelle et promotionnelle, destin\u00e9e aux femmes \u00e0 la recherche d\u2019un loisir de pleine nature, permet au public f\u00e9minin de d\u00e9couvrir la p\u00eache \u00e0 un co\u00fbt attrayant .<\/span><\/p>\n<p><span style=\"font-family: Comic Sans MS, sans-serif; color: #000000;\">Valable toute l\u2019ann\u00e9e, elle permet de p\u00eacher en 1\u00e8re et en 2\u00e8me cat\u00e9gorie, \u00e0 une seule ligne et avec tous les modes de p\u00eache autoris\u00e9s<\/span><\/p>\n<p><a href=\"https:\/\/www.cartedepeche.fr\/TPL_CODE\/TPL_ADHCOMMANDE\/PAR_TPL_IDENTIFIANT\/5\/247-processus-de-commande.htm\" target=\"_blank\" rel=\"noopener noreferrer\"><img loading=\"lazy\" class=\"alignnone wp-image-482 size-full\" src=\"http:\/\/aappmaverdoncolostre.fr\/wp-content\/uploads\/2018\/02\/jechoisis.png\" alt=\"\" width=\"191\" height=\"37\" \/><\/a><\/p>\n<hr \/>\n<p><span style=\"font-family: Comic\\ Sans\\ MS, sans-serif;\"><strong><span style=\"color: #000000;\">Carte Personne mineure<\/span> <span style=\"color: #ff0000;\">(26 \u20ac)<\/span><br \/>\n<\/strong><\/span><\/p>\n<p><span style=\"font-family: Comic Sans MS, sans-serif; color: #000000;\">Cette carte annuelle s\u2019adresse \u00e0 tous les jeunes de moins de 18 ans (au 1er janvier de l\u2019ann\u00e9e en cours).<\/span><\/p>\n<p><span style=\"font-family: Comic Sans MS, sans-serif; color: #000000;\">Parfaite pour rendre la p\u00eache accessible au jeune public, elle est valable toute l&#8217;ann\u00e9e, en 1\u00e8re et 2\u00e8me cat\u00e9gorie, avec tous les modes de p\u00eache autoris\u00e9s.<\/span><\/p>\n<p><a href=\"https:\/\/www.cartedepeche.fr\/TPL_CODE\/TPL_ADHCOMMANDE\/PAR_TPL_IDENTIFIANT\/6\/247-processus-de-commande.htm\" target=\"_blank\" rel=\"noopener noreferrer\"><img loading=\"lazy\" class=\"alignnone wp-image-482 size-full\" src=\"http:\/\/aappmaverdoncolostre.fr\/wp-content\/uploads\/2018\/02\/jechoisis.png\" alt=\"\" width=\"191\" height=\"37\" \/><\/a><\/p>\n<hr \/>\n<p><span style=\"font-family: Comic\\ Sans\\ MS, sans-serif;\"><strong><span style=\"color: #000000;\">Carte D\u00e9couverte -12 ans<\/span> <span style=\"color: #ff0000;\">(7 \u20ac)<\/span><br \/>\n<\/strong><\/span><\/p>\n<p><span style=\"font-family: Comic Sans MS, sans-serif; color: #000000;\">Cette carte annuelle s\u2019adresse \u00e0 tous les jeunes de moins de 12 ans (au 1er janvier de l\u2019ann\u00e9e en cours).<\/span><\/p>\n<p><span style=\"font-family: Comic Sans MS, sans-serif; color: #000000;\">Parfaite pour d\u00e9couvrir le loisir p\u00eache en famille ou dans les Ateliers P\u00eache Nature, elle permet aux plus petits de pratiquer en 1\u00e8re et 2\u00e8me cat\u00e9gorie, \u00e0 une seule ligne et avec tous les modes de p\u00eache autoris\u00e9s. Elle est valable toute l\u2019ann\u00e9e.<\/span><\/p>\n<p><a href=\"https:\/\/www.cartedepeche.fr\/TPL_CODE\/TPL_ADHCOMMANDE\/PAR_TPL_IDENTIFIANT\/7\/247-processus-de-commande.htm\" target=\"_blank\" rel=\"noopener noreferrer\"><img loading=\"lazy\" class=\"alignnone wp-image-482 size-full\" src=\"http:\/\/aappmaverdoncolostre.fr\/wp-content\/uploads\/2018\/02\/jechoisis.png\" alt=\"\" width=\"191\" height=\"37\" \/><\/a><\/p>\n<hr \/>\n<p><span style=\"font-family: Comic\\ Sans\\ MS, sans-serif;\"><strong><span style=\"color: #000000;\">Carte Hebdomadaire<\/span> <span style=\"color: #ff0000;\">(36 \u20ac)<\/span><br \/>\n<\/strong><\/span><\/p>\n<p><span style=\"font-family: Comic Sans MS, sans-serif; color: #000000;\">Cette ann\u00e9e, c\u2019est d\u00e9cid\u00e9 vous allez p\u00eacher pendant vos vacances !<\/span><\/p>\n<p><span style=\"font-family: Comic Sans MS, sans-serif; color: #000000;\">Cette carte d\u2019une validit\u00e9 de 7 jours cons\u00e9cutifs vous permet de p\u00eacher pendant une semaine en 1\u00e8re ou en 2\u00e8me cat\u00e9gorie, avec tous les modes de p\u00eache autoris\u00e9s.<\/span><\/p>\n<p><span style=\"font-family: Comic Sans MS, sans-serif; color: #000000;\">Une nouveaut\u00e9 ! Elle est maintenant disponible toute l\u2019ann\u00e9e.<\/span><\/p>\n<p><a href=\"https:\/\/www.cartedepeche.fr\/TPL_CODE\/TPL_ADHCOMMANDE\/PAR_TPL_IDENTIFIANT\/3\/247-processus-de-commande.htm\" target=\"_blank\" rel=\"noopener noreferrer\"><img loading=\"lazy\" class=\"alignnone wp-image-482 size-full\" src=\"http:\/\/aappmaverdoncolostre.fr\/wp-content\/uploads\/2018\/02\/jechoisis.png\" alt=\"\" width=\"191\" height=\"37\" \/><\/a><\/p>\n<hr \/>\n<p><span style=\"font-family: Comic\\ Sans\\ MS, sans-serif;\"><strong><span style=\"color: #000000;\">Carte Journali\u00e8re<\/span> <span style=\"color: #ff0000;\">(17 \u20ac)<\/span><br \/>\n<\/strong><\/span><\/p>\n<p><span style=\"font-family: Comic Sans MS, sans-serif; color: #000000;\">Parfaite pour les emplois du temps charg\u00e9s, ou pour les parties de p\u00eache organis\u00e9es \u00e0 la derni\u00e8re minute, cette carte permet de p\u00eacher une journ\u00e9e, en 1\u00e8re ou en 2\u00e8me cat\u00e9gorie, avec tous les modes de p\u00eache autoris\u00e9s.<\/span><\/p>\n<p><span style=\"font-family: Comic\\ Sans\\ MS, sans-serif;\"><a href=\"https:\/\/www.cartedepeche.fr\/TPL_CODE\/TPL_ADHCOMMANDE\/PAR_TPL_IDENTIFIANT\/8\/247-processus-de-commande.htm\" target=\"_blank\" rel=\"noopener noreferrer\"><img loading=\"lazy\" class=\"alignnone wp-image-482 size-full\" src=\"http:\/\/aappmaverdoncolostre.fr\/wp-content\/uploads\/2018\/02\/jechoisis.png\" alt=\"\" width=\"191\" height=\"37\" \/><\/a><\/span><\/p>\n","protected":false},"excerpt":{"rendered":"<p>Liste des cartes Un loisir pour tous, une carte pour chacun. Choisissez dans la liste propos\u00e9e ci-dessous la carte de p\u00eache correspondant le mieux \u00e0 votre pratique En prenant la carte de p\u00eache \u00e0 l&#8217;aappma Verdon Colostre (ex: 04800), vous permettez \u00e0 l&#8217;association de financer les alevinages, initiations des jeunes, nettoyages des abords de rivi\u00e8res [&hellip;]<\/p>\n","protected":false},"author":1,"featured_media":0,"parent":78,"menu_order":0,"comment_status":"closed","ping_status":"closed","template":"template-full-width.php","meta":[],"yoast_head":"<!-- This site is optimized with the Yoast SEO plugin v14.9 - https:\/\/yoast.com\/wordpress\/plugins\/seo\/ -->\n<title>Liste des cartes - AAPPMA Verdon Colostre<\/title>\n<meta name=\"robots\" content=\"index, follow, max-snippet:-1, max-image-preview:large, max-video-preview:-1\" \/>\n<link rel=\"canonical\" href=\"https:\/\/aappmaverdoncolostre.fr\/index.php\/achat_carte\/cartes-de-peche\/\" \/>\n<meta property=\"og:locale\" content=\"fr_FR\" \/>\n<meta property=\"og:type\" content=\"article\" \/>\n<meta property=\"og:title\" content=\"Liste des cartes - AAPPMA Verdon Colostre\" \/>\n<meta property=\"og:description\" content=\"Liste des cartes Un loisir pour tous, une carte pour chacun. Choisissez dans la liste propos\u00e9e ci-dessous la carte de p\u00eache correspondant le mieux \u00e0 votre pratique En prenant la carte de p\u00eache \u00e0 l&#8217;aappma Verdon Colostre (ex: 04800), vous permettez \u00e0 l&#8217;association de financer les alevinages, initiations des jeunes, nettoyages des abords de rivi\u00e8res [&hellip;]\" \/>\n<meta property=\"og:url\" content=\"https:\/\/aappmaverdoncolostre.fr\/index.php\/achat_carte\/cartes-de-peche\/\" \/>\n<meta property=\"og:site_name\" content=\"AAPPMA Verdon Colostre\" \/>\n<meta property=\"article:modified_time\" content=\"2025-02-26T15:01:16+00:00\" \/>\n<meta property=\"og:image\" content=\"http:\/\/aappmaverdoncolostre.fr\/wp-content\/uploads\/2018\/03\/Choix-association.png\" \/>\n<meta name=\"twitter:card\" content=\"summary_large_image\" \/>\n<script type=\"application\/ld+json\" class=\"yoast-schema-graph\">{\"@context\":\"https:\/\/schema.org\",\"@graph\":[{\"@type\":\"WebSite\",\"@id\":\"https:\/\/aappmaverdoncolostre.fr\/#website\",\"url\":\"https:\/\/aappmaverdoncolostre.fr\/\",\"name\":\"AAPPMA Verdon Colostre\",\"description\":\"P\\u00eacher dans le Verdon\",\"potentialAction\":[{\"@type\":\"SearchAction\",\"target\":\"https:\/\/aappmaverdoncolostre.fr\/?s={search_term_string}\",\"query-input\":\"required name=search_term_string\"}],\"inLanguage\":\"fr-FR\"},{\"@type\":\"ImageObject\",\"@id\":\"https:\/\/aappmaverdoncolostre.fr\/index.php\/achat_carte\/cartes-de-peche\/#primaryimage\",\"inLanguage\":\"fr-FR\",\"url\":\"http:\/\/aappmaverdoncolostre.fr\/wp-content\/uploads\/2018\/03\/Choix-association.png\"},{\"@type\":\"WebPage\",\"@id\":\"https:\/\/aappmaverdoncolostre.fr\/index.php\/achat_carte\/cartes-de-peche\/#webpage\",\"url\":\"https:\/\/aappmaverdoncolostre.fr\/index.php\/achat_carte\/cartes-de-peche\/\",\"name\":\"Liste des cartes - AAPPMA Verdon Colostre\",\"isPartOf\":{\"@id\":\"https:\/\/aappmaverdoncolostre.fr\/#website\"},\"primaryImageOfPage\":{\"@id\":\"https:\/\/aappmaverdoncolostre.fr\/index.php\/achat_carte\/cartes-de-peche\/#primaryimage\"},\"datePublished\":\"2018-02-21T12:13:17+00:00\",\"dateModified\":\"2025-02-26T15:01:16+00:00\",\"inLanguage\":\"fr-FR\",\"potentialAction\":[{\"@type\":\"ReadAction\",\"target\":[\"https:\/\/aappmaverdoncolostre.fr\/index.php\/achat_carte\/cartes-de-peche\/\"]}]}]}<\/script>\n<!-- \/ Yoast SEO plugin. -->","_links":{"self":[{"href":"https:\/\/aappmaverdoncolostre.fr\/index.php\/wp-json\/wp\/v2\/pages\/476"}],"collection":[{"href":"https:\/\/aappmaverdoncolostre.fr\/index.php\/wp-json\/wp\/v2\/pages"}],"about":[{"href":"https:\/\/aappmaverdoncolostre.fr\/index.php\/wp-json\/wp\/v2\/types\/page"}],"author":[{"embeddable":true,"href":"https:\/\/aappmaverdoncolostre.fr\/index.php\/wp-json\/wp\/v2\/users\/1"}],"replies":[{"embeddable":true,"href":"https:\/\/aappmaverdoncolostre.fr\/index.php\/wp-json\/wp\/v2\/comments?post=476"}],"version-history":[{"count":50,"href":"https:\/\/aappmaverdoncolostre.fr\/index.php\/wp-json\/wp\/v2\/pages\/476\/revisions"}],"predecessor-version":[{"id":2525,"href":"https:\/\/aappmaverdoncolostre.fr\/index.php\/wp-json\/wp\/v2\/pages\/476\/revisions\/2525"}],"up":[{"embeddable":true,"href":"https:\/\/aappmaverdoncolostre.fr\/index.php\/wp-json\/wp\/v2\/pages\/78"}],"wp:attachment":[{"href":"https:\/\/aappmaverdoncolostre.fr\/index.php\/wp-json\/wp\/v2\/media?parent=476"}],"curies":[{"name":"wp","href":"https:\/\/api.w.org\/{rel}","templated":true}]}}